is divided by 4/z + 2 + (-82)/(-7).
12
Let v(t) = -11*t**3 - 3*t**2 - 2*t + 2. Let l = -50 - -48. What is the remainder when v(l) is divided by 14?
12
Let f be (-2 + -2 + 3)*0. Suppose -4*h + 4*a = f, 3*h + 0*h + 4*a - 14 = 0. What is the remainder when 5 is divided by h?
1
What is the remainder when 8/(-10) - 10944/(-80) is divided by 23?
21
Let y be (((-64)/(-12))/(-4))/(2/21). What is the remainder when 2/((-4)/14 - 5/y) is divided by 15?
13
Suppose -3*x + 147 = 9*a - 6*a, 0 = 2*x - 4*a - 116. Calculate the remainder when x is divided by 29.
23
Let i = -1 - -4. Suppose i*o + 2*u - 15 = 0, -2*o + 6*o + 2*u = 20. Calculate the remainder when 23 is divided by o.
3
Suppose 10736 = 5*r - 4734. Suppose 5*g + r = 919. Calculate the remainder when g/(-9) - 6/(-9) is divided by 25.
24
Suppose -5*u - 29 = 1. Let y(n) = -n**2 + 1. Let s(q) = -7*q**2 + 8. Let p(m) = -s(m) + 6*y(m). Calculate the remainder when p(u) is divided by 12.
10
Let p = -3 - -8. What is the remainder when 23/2*(192 + -190) is divided by p?
3
Let c(m) = m**2. Let d be c(-2). Suppose 2*n - 3*l = -n + 6, -d*l = -5*n + 15. Let x = -1 + 3. Calculate the remainder when n is divided by x.
1
Let f(x) = -x**2 - 5*x + 5. Let p be f(-8). Let i = p + 20. What is the remainder when 25 is divided by 1 - 2*-6*i?
12
Suppose 0 = -33*y + 40*y - 294. What is the remainder when 72 is divided by y?
30
Suppose 2*k + 3*k = 4*h + 247, -5*h = -2*k + 109. Let a = -7 - -3. Calculate the remainder when k is divided by (-2*a/(-8) - -3) + 10.
11
Let z(j) = -30*j - 539. What is the remainder when z(-18) is divided by 1?
0
Suppose 0 = 3*c - 0*c + 2*c. What is the remainder when c - 0 - 3 - -101 is divided by 20?
18
Suppose g + 6*g = -4*g. Suppose 4*p - 218 - 302 = g. Calculate the remainder when p is divided by 17.
11
Suppose 2*i = -6 + 40. Let z = 1448 - 1382. What is the remainder when z is divided by i?
15
Let n be (20/3)/(6/9). Let k = n + -5. Let z(r) = r**2 + r - 1. Calculate the remainder when z(-5) is divided by k.
4
Let x(z) = -z**3 - 31*z**2 - 31*z + 99. Calculate the remainder when x(-30) is divided by 36.
21
Let o(t) = 9*t + 9*t**2 - 4*t**2 - 11*t. Calculate the remainder when o(-2) is divided by 10.
4
What is the remainder when 1638/15*(-95)/(-38) is divided by 12?
9
Let c = 8287 - 8198. Calculate the remainder when c is divided by 46*(0 + 0 + 1).
43
Let u = 33 + 29. What is the remainder when u is divided by 23?
16
Let x(k) = 16*k + 5. Let m(q) = -15*q - 6. Let w(c) = 4*m(c) + 3*x(c). What is the remainder when 41 is divided by w(-2)?
11
Let n = 4 + 3. Let r(v) = v**2 + 5*v - 11. Calculate the remainder when r(3) is divided by n.
6
Let a = 909 - 886. What is the remainder when 413 is divided by a?
22
Let b = 0 - -7. Suppose -30 = 20*z - 23*z. Let u(j) = -j + 22. What is the remainder when u(z) is divided by b?
5
Let f be 9/(15/(-5)) - 35*-2. Let c = 79 - f. What is the remainder when 80 is divided by c?
8
Let k(p) be the first derivative of -4*p + 3*p**2 + 4*p + p + 11 + p**3. Calculate the remainder when k(-4) is divided by 14.
11
What is the remainder when ((-1087864)/72)/(-19) - (-2)/(-9) is divided by 133?
130
Suppose 0 = 8*m + 19 - 43. Suppose 0 = 3*u + 2*k - 199, m*k + 12 = -0*k. What is the remainder when 203 is divided by u?
65
Suppose -31 - 233 = -11*i. Calculate the remainder when 65 is divided by i.
17
Let a(r) = 7*r**2 + 3*r + 2. Let m(p) = -p**3 - 5*p**2 + 2*p. Let d be m(-5). Let z = 7 + d. Calculate the remainder when a(z) is divided by 29.
27
Let l = -69 - -311. What is the remainder when l is divided by 2?
0
Let p(h) = 28*h + 199. Calculate the remainder when 712 is divided by p(-6).
30
Let y(l) = -5*l + 29. Calculate the remainder when y(0) is divided by -20*2/(-8)*(-8)/(-10).
1
Let b = 16 - 47. Let l = 46 + b. What is the remainder when 3 + -9 + 4 + -10 + 100 is divided by l?
13
Let o(k) = 10*k + 48. Calculate the remainder when 142 is divided by o(-3).
16
Let d = 1113 + -921. What is the remainder when d is divided by 40?
32
Suppose -2*z = 7 - 101. Suppose -3 - 5 = -2*b + 2*r, 0 = 4*b + 4*r - 16. Suppose b*q - 6 = 42. What is the remainder when z is divided by q?
11
Let f(a) = 5*a - 1. Suppose 4*h = 11 + 9. Suppose -h*i = -12 - 183. Calculate the remainder when i is divided by f(3).
11
Suppose 2*p - 6*p = -92. Suppose 2*l + p = 103. Calculate the remainder when l is divided by 21.
19
Let u = -98 - -115. Calculate the remainder when 271 is divided by u.
16
Let i = -3 - -6. Suppose 0 = i*p - 6*p + 63. Calculate the remainder when p is divided by (96/(-56))/((15/14)/(-5)).
5
Suppose -32*m = -37*m + 4*k, -4*m - 3*k = -31. What is the remainder when 71 is divided by m?
3
Let z = 277 + -224. Calculate the remainder when z is divided by 6.
5
Suppose -60*v - 1017 = -173*v. Calculate the remainder when 43/2 + 2/4 is divided by v.
4
Suppose -21*y = -23*y + 36. Calculate the remainder when 98 is divided by (-20)/(-12) - (-420)/y.
23
Calculate the remainder when 12/22 + 1220/22 is divided by 23.
10
Let w(t) = 24*t + t - 83 + 66 - 2*t. What is the remainder when w(6) is divided by 31?
28
Suppose 78 - 23 = 5*i - 5*z, -5*i = -z - 59. Suppose -5 = 5*m + 5. Calculate the remainder when (-2)/m + (-322)/(-7) is divided by i.
11
Let a = -6140 + 6199. Suppose -3*p - p - 4*d + 64 = 0, 0 = -5*p + 5*d + 120. Calculate the remainder when a is divided by p.
19
Suppose -2*y - 2*o - 184 = 0, 4*y = 2*o - 94 - 250. Let r = y + 191. Calculate the remainder when r is divided by 15.
13
Calculate the remainder when ((-510)/8)/((-444)/592) is divided by 33.
19
Suppose 49 = 47*g - 46*g. Calculate the remainder when 293 is divided by g.
48
Let m(h) = h**3 + 9*h**2 - 6*h - 8. Let y be m(-7). Suppose 12 = 8*n - y. Calculate the remainder when 52 is divided by n.
16
Suppose -1131 = -16*u + 117. Calculate the remainder when 146 is divided by u.
68
Suppose -3*s = -4*v - 17 + 1, -3*v - 10 = -2*s. Let y(w) be the third derivative of w**4/3 - 22*w**2. What is the remainder when y(s) is divided by 22?
20
Suppose -6*i = -39*i + 495. Suppose 240 = 4*l + j + 66, -5*j = -4*l + 186. What is the remainder when l is divided by i?
14
Suppose -4*u + 47 = -173. Let y = u - -11. Suppose -238 = -11*k - 3*k. Calculate the remainder when y is divided by k.
15
Let r = -379 + 383. Calculate the remainder when 37 is divided by r.
1
Suppose -65 = -3*d + 121. Suppose -3*p = -2*m + 60, -4*p - 30 - 61 = -3*m. Calculate the remainder when d is divided by m.
29
Let q = 53 + -23. What is the remainder when 52 is divided by q?
22
Suppose -3*d + 0*d + 4*d = 0. Suppose -4*t - 52 + 192 = 3*i, -4*t - 5*i + 148 = d. Suppose 8 + 36 = 4*s. Calculate the remainder when t is divided by s.
10
Let t = 12 + -3. Let b be (56/(-10))/(1 - (-87)/(-85)). Suppose -7*l + b = -7. What is the remainder when l is divided by t?
8
Let z(x) = -8*x + 28. Let k(p) = -p**3 - 4*p**2 + 3. Let r be k(-3). What is the remainder when z(r) is divided by 13?
11
Suppose -z - 52 = -5*z. Calculate the remainder when (-14)/(-4)*(12 - 2) is divided by z.
9
Let y(a) = 9*a - 1 + 0*a + 2*a - 2*a + a**2. What is the remainder when y(-12) is divided by 12?
11
Calculate the remainder when 200 is divided by ((-42)/2)/(43 - 46).
4
Suppose -3*y + 466 = 5*x, 2*y + 4*x - 319 = 9*x. What is the remainder when y is divided by 20?
17
Let t = -8 - -5. Let g be -1 + (-4)/(-7 - t). Suppose -34 = -3*i - 2*y + 103, g = 4*i - y - 201. What is the remainder when i is divided by 26?
23
Calculate the remainder when 5067/(-6)*(-48)/72 is divided by 9.
5
Suppose -80 = -0*c - 5*c. Let q = 6 - c. What is the remainder when 5 is divided by ((-9)/15)/(2/q)?
2
Suppose -18 = -6*a + 72. Let h = a - 12. Suppose -6*b - h = -b + 2*r, -13 = 3*b + 4*r. What is the remainder when 3 is divided by b?
0
Calculate the remainder when (-5)/(-15) - (308/(-3) + 0) is divided by 36.
31
Suppose 5*q - 5*o = 87 + 288, -156 = -2*q - 4*o. What is the remainder when q is divided by 42?
34
Suppose -3*y - 4*t = y - 100, -64 = -2*y + 5*t. Suppose -3*p + y = 5*z, -3*p + 4*z + 51 = z. What is the remainder when p is divided by 5?
4
Suppose 30*d - 2*d = 1148. Calculate the remainder when 245 is divided by d.
40
Suppose 0 = -3*n + 7*n + 8. Let u be -13 - -9 - (-12 + n). Calculate the remainder when 9/((-9)/u)*-1 is divided by 4.
2
Let o be